{"id":2297,"date":"2026-04-07T15:22:58","date_gmt":"2026-04-07T13:22:58","guid":{"rendered":"http:\/\/rodjkoch.pl\/?page_id=2297"},"modified":"2026-04-07T15:22:58","modified_gmt":"2026-04-07T13:22:58","slug":"uruchamiamy-wode-2026","status":"publish","type":"page","link":"https:\/\/rodjkoch.pl\/index.php\/uruchamiamy-wode-2026\/","title":{"rendered":"Uruchamiamy Wod\u0119 2026"},"content":{"rendered":"\n<p class=\"has-text-align-right\">Pruszcz\u00a0 Gda\u0144ski, dnia\u00a0 01.04.2026r.<\/p>\n\n\n\n<p class=\"has-text-align-center has-large-font-size\"><strong>OG\u0141OSZENIE<\/strong><\/p>\n\n\n\n<p>Zarz\u0105d <strong>ROD im. Jana Kochanowskiego\u00a0 w Pruszczu Gda\u0144skim<\/strong> zwraca\u00a0 si\u0119 z pro\u015bb\u0105 do dzia\u0142kowc\u00f3w o\u00a0 przygotowanie\u00a0 instalacji wodnej do rozpocz\u0119cia poboru wody. Dotyczy ta informacja ka\u017cdej dzia\u0142ki .<\/p>\n\n\n\n<p>Oto czynno\u015bci kt\u00f3re trzeba wykona\u0107 na swojej&nbsp; dzia\u0142ce:<\/p>\n\n\n\n<ul><li><strong>Zakr\u0119ci\u0107 zawory<\/strong><\/li><li><strong>Za\u0142o\u017cy\u0107 liczniki<\/strong><\/li><li><strong>Sprawdzi\u0107 stan sieci na swojej dzia\u0142ce<\/strong><\/li><\/ul>\n\n\n\n<p class=\"has-medium-font-size\"><strong>Te czynno\u015bci\u00a0 nale\u017cy wykona\u0107 do\u00a0 dnia 18.04.2026r. (sobota) do godz. 10:00.\u00a0<\/strong><\/p>\n\n\n\n<p>Nast\u0119pnie spr\u00f3bujemy otworzy\u0107 g\u0142\u00f3wny zaw\u00f3r .<\/p>\n\n\n\n<p><strong>Drugi termin dla nieobecnych w pierwszym wskazanym powy\u017cej, to niedziela 19.04.2026 g. 10:00<\/strong><\/p>\n\n\n\n<p>Prosimy o obecno\u015b\u0107, gdy\u017c w razie&nbsp; stwierdzenia awarii woda zostanie powt\u00f3rnie zamkni\u0119ta, je\u017celi nie b\u0119dzie kontaktu z osob\u0105 u kt\u00f3rej na dzia\u0142ce stwierdzimy przeciek.<\/p>\n\n\n\n<p>Wszelkie&nbsp; uchybienia i awarie, zauwa\u017cone na w\u0142asnej dzia\u0142ce prosimy zg\u0142asza\u0107 do gospodarza&nbsp; pod nr tel. <strong><u>512 840&nbsp; 771<\/u> <\/strong>&nbsp;<\/p>\n\n\n\n<p>lub<\/p>\n\n\n\n<p>na nr tel. ogrod\u00f3w <strong><u>668 099 434<\/u><\/strong><\/p>\n\n\n\n<p>Wszelkie awarie na terenie dzia\u0142ki s\u0105 naprawiane na koszt w\u0142asny .<\/p>\n\n\n\n<p class=\"has-medium-font-size\"><strong>Zarz\u0105d informuje. \u017ce po 5 latach eksploatacji licznik\u00f3w na wod\u0119, z racji\u00a0 ko\u0144cz\u0105cej si\u0119 legalizacji, musz\u0105 by\u0107 wymienione na nowe.<\/strong><\/p>\n\n\n\n<p><strong>Wymiana licznika musi zosta\u0107 wykonana do ko\u0144ca aktualnego sezonu otwarcia wody<\/strong> <strong>(do 30.10.2026.)<\/strong><\/p>\n\n\n\n<p><strong>Wymiana licznika jest obowi\u0105zkowa oraz musi by\u0107 zg\u0142oszona do zarz\u0105du celem spisania&nbsp; stanu licznika oraz spisania nowego numeru licznika .<\/strong><\/p>\n\n\n\n<p>Prezes&nbsp;&nbsp;&nbsp;&nbsp;&nbsp;&nbsp;&nbsp;&nbsp;&nbsp;&nbsp;&nbsp;&nbsp;&nbsp;&nbsp;&nbsp;&nbsp; <strong><\/strong><\/p>\n\n\n\n<p><strong>El\u017cbieta Biega\u0144ska <\/strong>&nbsp;&nbsp;&nbsp;&nbsp;<strong><\/strong><\/p>\n","protected":false},"excerpt":{"rendered":"<p>Pruszcz\u00a0 Gda\u0144ski, dnia\u00a0 01.04.2026r. OG\u0141OSZENIE Zarz\u0105d ROD im. Jana Kochanowskiego\u00a0 w Pruszczu Gda\u0144skim zwraca\u00a0 si\u0119 z pro\u015bb\u0105 do dzia\u0142kowc\u00f3w o\u00a0 przygotowanie\u00a0 instalacji wodnej do rozpocz\u0119cia poboru wody. Dotyczy ta informacja ka\u017cdej dzia\u0142ki . Oto czynno\u015bci kt\u00f3re trzeba wykona\u0107 na swojej&nbsp; dzia\u0142ce: Zakr\u0119ci\u0107 zawory Za\u0142o\u017cy\u0107 liczniki Sprawdzi\u0107 stan sieci na swojej dzia\u0142ce Te czynno\u015bci\u00a0 nale\u017cy wykona\u0107 &hellip; <a href=\"https:\/\/rodjkoch.pl\/index.php\/uruchamiamy-wode-2026\/\" class=\"more-link\">Czytaj dalej <span class=\"screen-reader-text\">Uruchamiamy Wod\u0119 2026<\/span> <span class=\"meta-nav\">&rarr;<\/span><\/a><\/p>\n","protected":false},"author":3,"featured_media":0,"parent":0,"menu_order":0,"comment_status":"closed","ping_status":"closed","template":"","meta":[],"_links":{"self":[{"href":"https:\/\/rodjkoch.pl\/index.php\/wp-json\/wp\/v2\/pages\/2297"}],"collection":[{"href":"https:\/\/rodjkoch.pl\/index.php\/wp-json\/wp\/v2\/pages"}],"about":[{"href":"https:\/\/rodjkoch.pl\/index.php\/wp-json\/wp\/v2\/types\/page"}],"author":[{"embeddable":true,"href":"https:\/\/rodjkoch.pl\/index.php\/wp-json\/wp\/v2\/users\/3"}],"replies":[{"embeddable":true,"href":"https:\/\/rodjkoch.pl\/index.php\/wp-json\/wp\/v2\/comments?post=2297"}],"version-history":[{"count":1,"href":"https:\/\/rodjkoch.pl\/index.php\/wp-json\/wp\/v2\/pages\/2297\/revisions"}],"predecessor-version":[{"id":2298,"href":"https:\/\/rodjkoch.pl\/index.php\/wp-json\/wp\/v2\/pages\/2297\/revisions\/2298"}],"wp:attachment":[{"href":"https:\/\/rodjkoch.pl\/index.php\/wp-json\/wp\/v2\/media?parent=2297"}],"curies":[{"name":"wp","href":"https:\/\/api.w.org\/{rel}","templated":true}]}}